c - (-9 + -86). Calculate the highest common factor of k and 12.
12
Let w(a) = -a**3 - 14*a**2 - 16*a - 14. Let f be w(-13). Suppose 2*i + 7 = f. Let h(s) = 6*s. Let v be h(6). What is the highest common divisor of v and i?
9
Let u(p) = -p**3 - 4*p**2 - 4*p - 3. Let f be u(-3). Let j be f*(-4)/(-16) - -22. What is the highest common factor of j and 22?
22
Suppose -5*j + 2*j + 10 = 5*a, 2*j - 4 = -2*a. Suppose v + 0*v + a*h = 16, v - 36 = 3*h. What is the greatest common factor of 3 and v?
3
Let n = 39 + -34. Suppose n*h - 126 = 3*h. What is the greatest common factor of 42 and h?
21
Let w(k) = k + 2. Let j be w(10). Let z = -10 + j. Let g be (z + 2*-3)*-1. Calculate the greatest common factor of g and 1.
1
Let l be ((-8)/3)/((-2)/48*-8). Let x be (-2)/l + 1/(12/117). What is the greatest common divisor of x and 15?
5
Suppose -3*h = 2*h - 10. Suppose -5*p + p + 60 = 0. Let q be (10/p)/(2/6). What is the highest common divisor of h and q?
2
Let a be ((-18)/30)/(3/(-675)). Let k = a - 60. What is the greatest common divisor of k and 50?
25
Let o = 48 + -43. Suppose o*t - j - 24 = 0, 2*j + 24 = 3*t + t. Calculate the greatest common factor of t and 44.
4
Let z = 149 + -46. Let o = 115 - z. What is the highest common factor of 108 and o?
12
Suppose -2*k + 1320 = 9*g - 7*g, -g = 2*k - 662. What is the highest common factor of g and 282?
94
Suppose -2*r + 5*x = -25, 0*x - 4*x = 3*r - 3. Suppose -174 = -r*l - 54. What is the greatest common divisor of 3 and l?
3
Let k(f) = 2*f**2 - 62*f + 164. Let v be k(34). Calculate the greatest common factor of v and 48.
16
Suppose 4*z + 6 = -2*k, -3*z - 23 - 1 = -5*k. Suppose -y + 4*y - 36 = 0. What is the highest common divisor of k and y?
3
Suppose -5*i + 34 + 6 = 5*n, -5 = -n. Let p(f) = -f**3 - 5*f**2 - 4. Let h be p(-5). Let l be (0/4)/h + 12. Calculate the highest common divisor of l and i.
3
Suppose 5*x + 5*p = -375, -3*p = 2*x + 2*p + 147. Let v = -36 - x. What is the highest common factor of v and 16?
8
Let c be (-99 - -97)*(-32 + -1). What is the highest common divisor of c and 363?
33
Let h = -102 - -110. Calculate the highest common divisor of 10 and h.
2
Suppose 3*v - 39 = -0*v. Let n be 16/(v/6 - 2). Calculate the highest common factor of 24 and n.
24
Let y = -353 - -363. Calculate the highest common divisor of y and 510.
10
Let m(w) = 2*w**2 + w. Let x be m(-1). Suppose -4*u + 7 = -x. What is the highest common divisor of 18 and u?
2
Suppose k = -3, 3*k + 36 = 3*g + 12. Suppose 4*c = g*c - 18. Let w = 194 - 32. What is the greatest common factor of w and c?
18
Let f = -17 - -38. Let r be 25/(-3)*(4 + -1). Let y = -11 - r. What is the highest common factor of f and y?
7
Suppose 31 = 5*s - 2*f - 18, -28 = -4*s - 4*f. Let o be s/((-36)/16) + 23. What is the highest common divisor of o and 209?
19
Let y be (((-224)/(-21))/(-8))/((-4)/6). Let o(l) = -8*l. Let v be o(-4). Suppose -v = -y*j - 14. Calculate the greatest common divisor of j and 1.
1
Let f be (-740)/(-4) - (1 + 0). Suppose -z + 1 - 6 = -2*u, -5*u + 26 = 2*z. Suppose 16 = u*p - 76. Calculate the highest common factor of f and p.
23
Let i = 476 - -155. Suppose 6*g - 119 = i. Let l be (5/3)/(1/15). Calculate the greatest common divisor of l and g.
25
Let w be -22 - -89 - (-4 - -1). Suppose -2*s = 3*s. Suppose s*u - 5*u = -w. What is the greatest common divisor of 2 and u?
2
Let y(b) = -19*b - 42. Let o be y(-4). Calculate the highest common factor of o and 4.
2
Let w(l) = 2*l**3 + 45*l**2 - 28*l - 50. Let a be w(-23). What is the highest common factor of a and 5?
5
Let k = 1354 - 1339. What is the highest common divisor of 27 and k?
3
Let w = -1871 - -1874. Calculate the highest common factor of w and 306.
3
Suppose 10*b - 60 = -0. Let z(h) = h**3 - 5*h**2 + 7*h + 1. Let v be z(3). What is the greatest common factor of b and v?
2
Suppose 0 = 4*w - 2*g - 52, -g + 0*g - 12 = -w. Let r = 378 + -252. Calculate the highest common factor of w and r.
14
Let c be (-1152)/(-45) - 4/(-10). Suppose 242*s = 237*s + 520. What is the greatest common divisor of s and c?
26
Let p = -33 + 69. Let m = p + -21. Let b = -2 - -5. Calculate the greatest common factor of m and b.
3
Suppose 0 = -119*l + 121*l - 684. What is the greatest common factor of 266 and l?
38
Let r = -110 - -190. What is the greatest common divisor of r and 16?
16
Let w(t) = -43*t + 58. Let u be w(-3). Calculate the highest common divisor of 17 and u.
17
Let s(u) = u**2 - 9*u + 20. Let w be s(6). Let q be 2/(-5)*w*(-125)/10. Calculate the greatest common divisor of 10 and q.
10
Suppose 3*u - 2 = -c, -3*u + 4*u = -1. Let w = 337 - 335. Calculate the greatest common factor of c and w.
1
Suppose -2*i + 4 = 0, n + 2 + 3 = 5*i. Let v be (-2)/(-5) + 138/n. What is the highest common divisor of 14 and v?
14
Suppose 28*n - 37*n = -81. Suppose 0 = -2*d - 3*d + 25. Suppose -24 + 384 = d*c. What is the greatest common factor of c and n?
9
Let k(p) = p**3 + 24*p**2 + 7. Let z be k(-24). Suppose 0 = 12*q - z*q - 3*i - 783, -2*q + 4*i = -316. What is the highest common factor of q and 12?
12
Suppose 2*u = -5*w + 32, -w - u = u - 8. Let f(p) = -10*p**2 + 10*p + 24. Let r be f(0). Calculate the highest common divisor of w and r.
6
Suppose 76 = 5*z - 199. Suppose z = 7*g - 12*g. Let m = 4 - g. What is the highest common divisor of m and 3?
3
Suppose -2*x + 330 = 3*j, j - 150 = -5*x - 40. Let a(v) = 10*v**2 - 10*v + 10. Let u be a(1). What is the highest common factor of j and u?
10
Let t(n) = 218*n**2 - 3. Let q be t(1). What is the greatest common divisor of 473 and q?
43
Let b(t) = 39*t - 43. Let c be b(12). What is the highest common divisor of 25 and c?
25
Suppose 1271 - 127 = 13*s. Calculate the highest common divisor of s and 110.
22
Let k = -8 - -29. Let v be (-5 - (-6)/2) + 23. What is the highest common divisor of v and k?
21
Let b(x) = -x + 1. Let s be b(5). Let o(y) = -y**3 - 3*y**2 + 3*y - 2. Let u be o(s). Suppose 0*j + u*j = 48. What is the greatest common factor of 16 and j?
8
Let w(g) = 6*g**3 - 5*g + 1. Let h be w(2). Let y be -28*(3 - h/12)*2. What is the greatest common divisor of y and 49?
7
Let k = 12 - 10. Suppose -14 = -5*z + 4*r, 2*z = -z - 2*r + 4. Suppose 5*x - z*h = k*x + 15, 4*h = 0. Calculate the greatest common factor of x and 10.
5
Suppose 510 = 17*h - 935. Calculate the greatest common factor of h and 51.
17
Let z be (-273)/(-26) + (-6)/(-4). Calculate the highest common divisor of z and 636.
12
Let h = -765 + 897. What is the highest common factor of h and 44?
44
Suppose 19 = -21*p + 22*p. What is the highest common divisor of 76 and p?
19
Suppose 2*m = 3*u - u + 278, -3*u + 4*m = 419. Let r = 236 + u. Suppose -y - 9 = -2*y. What is the greatest common divisor of y and r?
9
Let g(n) = -4*n**2 + 2*n + 34. Let m be g(-2). Suppose h - t = 0, 0 = 4*h + 4*t - 19 - 21. Suppose 9 = 2*s - h. Calculate the highest common divisor of s and m.
7
Suppose -9*g - 88 = -5*g. Let y = 37 + g. What is the greatest common divisor of 75 and y?
15
Let j be (-37)/((-6)/4*20/30). Calculate the highest common divisor of 148 and j.
37
Let x be (-16)/(-6)*(5/20 + -4). Let p(g) = -g**3 - 6*g**2 + 15*g - 18. Let d be p(x). What is the highest common divisor of d and 29?
29
Let t = -26 + 20. Let s(y) = y**2 + 4*y + 3. Let b be s(t). What is the greatest common factor of 120 and b?
15
Let h = -26 - -30. Suppose -h*t + 3*t + 25 = 0. Calculate the greatest common divisor of t and 175.
25
Let h(c) = 2*c**2 - 5*c - 7. Let y be h(-10). What is the greatest common divisor of y and 324?
81
Suppose -169 - 131 = -2*n. What is the greatest common factor of 6 and n?
6
Let t(x) = -39*x - 26. Let g be t(-3). What is the highest common factor of g and 247?
13
Let y = 54 + -54. Suppose 0 = -y*j + j - 18. What is the highest common factor of j and 9?
9
Suppose 0 = 48*w - 4*w - 1276. Calculate the highest common divisor of 551 and w.
29
Let o(q) = q - 1. Let x(k) = k**3 + 13. Let d be x(0). Let v be o(d). Calculate the highest common divisor of v and 6.
6
Suppose -3*o - 30 = -5*k + 18, 0 = -5*k - 2*o + 68. Calculate the highest common divisor of k and 12.
12
Let j(w) = -31*w + 195. Let l be j(5). What is the highest common factor of l and 130?
10
Let h be (-50)/(-60)*-6 + (1 - -29). What is the highest common divisor of